en l(k) is divided by 14?
11
Let f be (-2)/14 - (-736)/56. Suppose f = -11*k + 12*k. Let m = -5 + 13. What is the remainder when k is divided by m?
5
Suppose -3*n + 456 = -5*p, -5*n - 4*p + 781 = 21. What is the remainder when n is divided by 9?
8
Let q = -613 - -786. What is the remainder when q is divided by 92?
81
What is the remainder when ((-5)/((-125)/90))/(9/480) is divided by 66?
60
Suppose 2*z + 5*j + 1 - 17 = 0, 2*z - 3*j - 32 = 0. Suppose -37 = -4*r + k - z, -5*r + 43 = 2*k. What is the remainder when 12 is divided by r?
5
What is the remainder when 156/21*2646/108 is divided by 31?
27
Suppose 3*n - n = -106. Let x = 65 + n. Calculate the remainder when x is divided by 3.
0
Let m(t) = -14*t - 57. Calculate the remainder when m(-6) is divided by 14.
13
Let g = 14 + -30. Let u be (4/(-1))/(8/g). Suppose 3*v - u = 31. Calculate the remainder when 36 is divided by v.
10
Let s(n) = 2*n**2 - 4*n + 3. Suppose 5*l - 4 = 7*l. What is the remainder when 34 - (l + 1 + -1) is divided by s(4)?
17
Let f = 4 - -1. Suppose -f*i = -4*z - 83 + 13, 5*z = -i - 15. Calculate the remainder when 15 is divided by i.
5
Let y(k) = -45*k**3 - 1. Let i be y(-1). Suppose 3*d = 79 + i. What is the remainder when d is divided by 14?
13
Let b(h) = -h**2 + 8*h + 1. What is the remainder when (21/(-18))/7 - (-1106)/84 is divided by b(6)?
0
Suppose 0 = -4*w + 2*s + 62, 6*s = 4*w + s - 77. What is the remainder when 48 is divided by w?
9
What is the remainder when (-3 + 2 + -1)*2*-2 is divided by 3?
2
Suppose -3*f - 3 = 0, -4*t - 50*f + 46*f + 984 = 0. What is the remainder when t is divided by 8?
7
Let d = 233 - 62. What is the remainder when d is divided by 11567/269*1*1/1?
42
Suppose -9*p + 95 = -157. Calculate the remainder when 447 is divided by p.
27
What is the remainder when 81 is divided by 8/6*(-4 - (-43)/4)?
0
Let l = -169 - -325. Suppose -5*d = d - l. Calculate the remainder when 75 is divided by d.
23
Suppose -2*o - 2 = 8*t - 3*t, 18 = 5*o + t. Suppose 7*w - 48 = o*w. Calculate the remainder when 63 is divided by w.
15
Let u = 88 + -91. Let v(o) = -2*o**3 - o**2 + 6*o + 7. What is the remainder when v(u) is divided by 7?
6
Let n = -3510 + 3536. Let b = 35 - -39. Calculate the remainder when b is divided by n.
22
Suppose -31*y + 538 + 1260 = 0. What is the remainder when y is divided by -5*-12*(-2)/(-10)?
10
Suppose 906 = 22*f - 216. What is the remainder when 109 is divided by f?
7
Let c(a) = a**3 + 5*a**2 + 4*a - 3. Let k be c(-3). Suppose k*g + 51 = 2*u, 2*u + 0*g = -2*g + 56. Calculate the remainder when u is divided by 16.
11
What is the remainder when 89 is divided by ((3 - 2) + -2)*216/(-9)?
17
Let x = -410 - -699. Let l = 488 - x. What is the remainder when l is divided by 10?
9
Let z(q) = -3*q - 19. Let v be z(-8). Suppose -8 - 7 = v*r, -2*t + 4*r = -202. Calculate the remainder when t is divided by 24.
23
Let g(s) = -s**3 - 8*s**2 - 6*s + 16. Suppose -u = -2*u - f + 12, 2*u - 44 = 3*f. What is the remainder when u is divided by g(-7)?
7
Let w(q) = -6*q + 31. Calculate the remainder when w(-12) is divided by 7.
5
Let i be 272/(-12) + (-2)/6. Let t = 18 + -51. Let y = i - t. What is the remainder when 38 is divided by y?
8
Let t be (-3)/(-6) - 3/(-6). Suppose -2*u = -3*u + t, -3*q + 16 = -5*u. Suppose 2*p - p = q. Calculate the remainder when 20 is divided by p.
6
Suppose -2*a + 486 = 3*q, 4*q + 2*a - 648 = -0*q. Suppose -q = 2*f - 11*f. What is the remainder when 68 is divided by f?
14
Calculate the remainder when 116 is divided by (24/(-16) - -1)*-58.
0
Let d = -83 - -85. Calculate the remainder when 24 is divided by (-9)/d*-4*(-3)/(-6).
6
Let b be (6/(-7))/((-5)/175). What is the remainder when (b/(-3))/(-2) + 0 is divided by 1/6*-2*-12?
1
Let h(d) = 3*d - 5. Let u(t) be the first derivative of 5*t**2 - 15*t + 6. Let g(r) = 7*h(r) - 2*u(r). Calculate the remainder when 4 is divided by g(8).
1
Suppose 40*w = 44*w - 24. What is the remainder when 1269 is divided by w?
3
Suppose -26 = -2*g + 32. Suppose 4*i = g - 13, v - 3*i = 133. Calculate the remainder when v is divided by (4/(-6) + 250/42)/(540/3780).
34
Suppose 429 + 176 = 11*b. What is the remainder when b is divided by 14?
13
Let v(t) = -t**3 + 15*t**2 - 13*t + 14. Let c = -17 - -31. Let a be v(c). Calculate the remainder when 8/a - 771/(-21) is divided by 19.
18
Let s be (-3)/(-12) + 1 + 12/16. Calculate the remainder when 195 is divided by ((-1)/s)/(9/(-6))*66.
19
Suppose -6 = -4*d + 6. Suppose -4*u + 7*u - 108 = 0. Suppose 5*s - 15 = 0, 0*s - u = -5*w - 2*s. What is the remainder when w is divided by d?
0
Suppose -469 + 489 = 2*s. What is the remainder when 225 is divided by s?
5
What is the remainder when ((-6 + 5)*-211)/1 is divided by 53?
52
Suppose 3*k - 19 = 2*w, -w + 6*w = k - 2. Suppose 32 = 4*d - 5*l, 2*l + k = 2*d - 7. Let h = 12 - 4. What is the remainder when h is divided by d?
2
Let x(z) = 3*z**3 + z**3 - 5 - 7*z**3 - 8*z + 4*z**3 - 3*z**2. Calculate the remainder when 33 is divided by x(5).
3
Suppose 3*p = -2*p + 115. Suppose 0 = 2*d + 2*d. Suppose 4*w - 5*q - 331 = d, -2*q = 4*w - 2*w - 188. Calculate the remainder when w is divided by p.
20
Let x(c) = c**2 + 20*c + 22. Let k be x(-18). Suppose -10 = -2*o + 6. Calculate the remainder when 2 - (-411)/15 - k/(-35) is divided by o.
5
Suppose t = -p + 96, -2*t + 59 = -p - 133. What is the remainder when t is divided by 28?
12
Let h(u) be the second derivative of u**4/12 + 3*u**3 - 41*u**2/2 - 11*u. What is the remainder when 3/(350/172 - 2) is divided by h(-21)?
20
Let f be (-18)/15*(40/(-3))/4. Calculate the remainder when 21 is divided by (1/1)/(129/(-33) + f).
10
Suppose -13 = -5*i - a, 1 = -5*i + a + 8. Let q be (-120)/9*18/(-8). Let x = -29 + q. Calculate the remainder when i is divided by x.
0
Suppose 28 = 4*z - 4*m, 5*m - 16 = 4. Calculate the remainder when 92 is divided by z.
4
Suppose 4*m - 3 = 3*h + 30, 5*h + 21 = m. What is the remainder when 261 is divided by m?
3
Let y(g) = -7*g - 12. What is the remainder when 160 is divided by y(-3)?
7
Let b = 133 - 69. Suppose 4*c + 5*h = 64, 11*c - h - 51 = 6*c. Calculate the remainder when b is divided by c.
9
Suppose 4*s + 167 - 486 = h, -3*h = -2*s + 147. What is the remainder when s is divided by 45?
36
Let g = 236 + -174. Calculate the remainder when g is divided by 59.
3
Let v(x) = -x**3 - 5*x**2 + 2*x + 12. Let b be v(-6). Suppose -2*k + b - 6 = 0. Calculate the remainder when 59 is divided by k.
14
Let r(m) = -m**2 - m. Let y(v) = 3*v**2 + 3*v. Let g(h) = -4*r(h) - y(h). Suppose 0 = -4*a + 7 + 13. Calculate the remainder when g(a) is divided by 17.
13
Let u = -469 + 563. Calculate the remainder when u is divided by 8.
6
Let j = 55 + -44. Suppose 0 = -9*q + j*q - 44. Suppose 36 = 3*i + 12. What is the remainder when q is divided by i?
6
Suppose 306 = 5*c - 2*c. What is the remainder when c is divided by 21?
18
Let n be -2*2*20/(-16). Suppose -2*i = t - 3, -5*i + 35 = -4*t - n. Suppose i*m - 3 = 9. What is the remainder when m is divided by 2?
1
Let s(g) = 6*g + 69. What is the remainder when 267 is divided by s(-8)?
15
Suppose -q + 2*q = -1, -n + 4*q = -93. Suppose -4*h + 31 = -2*i + 191, h = -i + n. What is the remainder when i is divided by 8?
6
Let q(p) = -22*p - 64. Let s be q(-8). Suppose -17*w = -9*w - s. What is the remainder when 235 is divided by w?
11
Let z be (-9)/2*8/6. Let p(l) = l + 1. Let y(o) = -3*o - 8. Let b(k) = -4*p(k) - y(k). What is the remainder when b(z) is divided by 4?
2
Let w(t) = 136*t - 31. What is the remainder when w(2) is divided by 83?
75
What is the remainder when 36 is divided by -22 + 23 - (-27 - 1 - -3)?
10
Suppose 0*z = 3*z - 108. Suppose w - 2*w = 0. Suppose 5*a + h - 128 = -36, -3*a + h + 60 = w. What is the remainder when z is divided by a?
17
Let b(j) = -j**3 + 15*j**2 - 2*j + 38. What is the remainder when 532 is divided by b(15)?
4
Let p(x) = 2*x - 17. Let s be p(9). Calculate the remainder when 29/s + (-20)/(-5) is divided by 17.
16
Let l = -12 - -42. Suppose 3*o - 147 = 99. What is the remainder when o is divided by l?
22
Let y = -10 - -15. Suppose y*k + 43 - 237 = 2*u, -5*k = -5*u - 200. Let t = 155 + -141. What is the remainder when k is divided by t?
10
Let s(z) = z - 48. Let c be s(0). Let h = c + 82. Calculate the r